496786
Convert -52159 (base 13) to base 15.
-2da47
What is 3739a (base 14) in base 7?
1102053
Convert 131013231111 (base 4) to base 8.
35075525
Convert -30266067 (base 8) to base 2.
-11000010110110000110111
Convert -15b916 (base 13) to base 15.
-a9e20
Convert -21186 (base 10) to base 3.
-1002001200
-2366575 (base 8) to base 16
-9ed7d
What is 54530154 (base 6) in base 13?
4506b8
bf2 (base 16) to base 12
192a
What is -223360110 (base 7) in base 11?
-7745843
Convert -4233541 (base 6) to base 9.
-344747
What is 204141 (base 8) in base 6?
1241201
Convert 154360 (base 7) to base 4.
13122211
2012211211000 (base 3) to base 6
41125213
11021333 (base 5) to base 10
95218
Convert -2499245 (base 10) to base 2.
-1001100010001010101101
Convert 21020321 (base 8) to base 9.
8354553
Convert -3002123221 (base 4) to base 11.
-4a4384
-4064 (base 8) to base 7
-6060
729ab (base 14) to base 2
1000011011101011011
Convert -4eaa5 (base 15) to base 13.
-8aa07
ccb03 (base 13) to base 14
99290
132a8b (base 12) to base 5
40103133
What is -13244402 (base 5) in base 13?
-491ca
Convert 4302311 (base 6) to base 8.
633103
-142896 (base 11) to base 12
-a9306
Convert -39401d (base 14) to base 8.
-7410053
Convert -79d255 (base 15) to base 4.
-112023311213
334041021 (base 6) to base 16
5ca1a5
Convert -241122200 (base 5) to base 6.
-35513350
Convert 39a570 (base 11) to base 15.
c6529
4181428 (base 9) to base 3
11012201110222
Convert 519b9b (base 16) to base 9.
11051371
What is 30230211 (base 5) in base 7?
2030106
Convert -21202112211 (base 4) to base 8.
-11422645
Convert -411306 (base 7) to base 13.
-25bc3
10100100000001100010100 (base 2) to base 5
2333442430
Convert -b7728 (base 16) to base 3.
-1102011201122
-329340 (base 12) to base 11
-4aa06a
Convert 1ba7 (base 13) to base 3.
12202022
What is 10220200102 (base 4) in base 16?
128812
Convert 1150020 (base 10) to base 6.
40352100
229ddd (base 16) to base 2
1000101001110111011101
Convert -113320131 (base 4) to base 7.
-555123
Convert -105345441 (base 7) to base 9.
-13056660
Convert -1335489 (base 10) to base 8.
-5060301
100212220000 (base 3) to base 4
233200002
-2df52 (base 16) to base 10
-188242
Convert 1ac6fb (base 16) to base 14.
339763
Convert 235103b (base 12) to base 2.
11010000001111111101111
12414130 (base 5) to base 13
44008
-132346 (base 11) to base 2
-110010110010110001
What is -410561 (base 12) in base 3?
-1220122212101
11000010120 (base 3) to base 12
39750
What is 5441 (base 6) in base 14?
653
What is -110001111111001010111 (base 2) in base 6?
-55035115
What is 1232331300 (base 5) in base 15?
3e7435
Convert a6d49 (base 15) to base 7.
4333500
What is 2579744 (base 10) in base 4?
21311310200
-101101101010100101111111 (base 2) to base 16
-b6a97f
-105360015 (base 7) to base 14
-bd0c45
543 (base 8) to base 14
1b5
What is 151146 (base 8) in base 5?
3210422
Convert -2447131 (base 9) to base 14.
-268c62
-1432135 (base 6) to base 3
-11011200012
304841 (base 10) to base 2
1001010011011001001
What is 1100100110111110 (base 2) in base 15?
10481
What is 1054302 (base 6) in base 5?
3212420
What is -4550518 (base 10) in base 14?
-8664d0
Convert 111011001100000 (base 2) to base 4.
13121200
Convert -2210112332 (base 4) to base 6.
-22232422
-256067 (base 8) to base 4
-111300313
Convert 314401034 (base 5) to base 9.
2438672
Convert -280128 (base 10) to base 12.
-116140
-1458043 (base 11) to base 4
-21202101101
What is 4106357 (base 8) in base 14?
2033d5
Convert 10011000110110010011101 (base 2) to base 15.
68e02b
What is -707572 (base 10) in base 15?
-de9b7
-3452242 (base 7) to base 14
-b3b22
6447353 (base 8) to base 4
12210323223
Convert 631536 (base 10) to base 2.
10011010001011110000
Convert -5455053 (base 6) to base 11.
-176382
What is 32010212 (base 4) in base 8?
160446
What is 2012011202102 (base 3) in base 16?
11c5dc
What is -111101111001110111 (base 2) in base 12?
-10289b
2022324 (base 5) to base 10
32839
-66208 (base 14) to base 3
-110120022111
What is 201e8 (base 16) in base 3?
20200110121
112b277 (base 12) to base 16
3249bb
Convert 12363073 (base 8) to base 3.
12011111200120
-130032001 (base 4) to base 6
-2251041
What is -11163 (base 7) in base 13?
-13a4
What is 221210222000 (base 3) in base 8?
1740266
Convert -493a9c (base 13) to base 7.
-20610611
What is -6622265 (base 9) in base 8?
-15444555
-29241 (base 10) to base 8
-71071
Convert 2432441 (base 7) to base 8.
1136560
-102010301 (base 4) to base 7
-425561
45953 (base 16) to base 9
473858
Convert 83849 (base 14) to base 5.
40122233
Convert -8769520 (base 10) to base 3.
-121111112112001
-890283 (base 10) to base 6
-31025403
-17370 (base 9) to base 11
-8aa2
-153803 (base 9) to base 5
-11012232
What is -6523630 (base 7) in base 5?
-200433300
What is 6360a (base 13) in base 3?
100002111221
Convert -16119 (base 10) to base 12.
-93b3
What is -12021500 (base 6) in base 2?
-1011011110110101100
-3596722 (base 11) to base 10
-6260564
Convert 194c70 (base 14) to base 8.
3327742
-193328 (base 11) to base 12
-123bb2
4117762 (base 8) to base 3
2001100112200
Convert -100011100100000110001 (base 2) to base 9.
-2165515
-48874 (base 12) to base 9
-158387
175586 (base 9) to base 14
2ba92
What is -1143033 (base 6) in base 11?
-41325
Convert -20195b (base 13) to base 7.
-6226015
150002533 (base 6) to base 2
1011101111111011111001
What is 1011100111011001100 (base 2) in base 8?
1347314
What is 1579254 (base 10) in base 4?
12001203312
Convert -3a81a (base 13) to base 9.
-175502
What is 45131122 (base 6) in base 2?
101001101001111011010
Convert -30370a0 (base 11) to base 3.
-101002201120001
What is 31034324 (base 5) in base 7?
2101022
1313136 (base 7) to base 11
1079a9
Convert 321013210 (base 4) to base 12.
b3484
Convert -17080607 (base 9) to base 12.
-2a474b1
What is 20360262 (base 7) in base 13?
47c367
Convert -122011011202 (base 4) to base 5.
-3222232303
-401645 (base 7) to base 5
-4133043
196082 (base 10) to base 5
22233312
56606 (base 13) to base 7
1222514
What is 111101010010010001 (base 2) in base 11?
161665
Convert 49aa61 (base 14) to base 2.
1001101000110100111101
Convert -5396 (base 11) to base 4.
-1233103
Convert -25140202 (base 6) to base 5.
-201244221
-24433103 (base 5) to base 11
-14a4a9
What is 6006827 (base 11) in base 8?
50452015
What is 23a073 (base 11) in base 9?
637412
What is 4ec24 (base 16) in base 2?
1001110110000100100
Convert 214441323 (base 5) to base 6.
32030212
What is -211033100 (base 4) in base 7?
-1203455
Convert 25db4 (base 14) to base 5.
10441013
-c76c55 (base 13) to base 15
-623db8
What is -34066224 (base 7) in base 6?
-143221313
Convert -211200012320 (base 4) to base 13.
-2062886
What is -33244461 (base 7) in base 2?
-1010111100010010110101
Convert 364088 (base 15) to base 12.
a5203b
What is e9b97 (base 15) in base 6?
23521554
What is 2518058 (base 10) in base 11?
146a944
Convert -283664 (base 9) to base 3.
-22210202011
c26c8 (base 13) to base 9
580704
What is 174475 (base 8) in base 16?
f93d
-1050035 (base 7) to base 11
-89481
23aa33b (base 13) to base 10
11075634
Convert -10102030200 (base 4) to base 5.
-241414404
Convert 1b6936c (base 14) to base 6.
1205400432
What is -321221311233 (base 4) in base 3?
-1001102211221100
Convert 161a585 (base 12) to base 6.
240455445
214132031 (base 5) to base 13
266007
What is -5150b4 (base 13) in base 9?
-3510032
605605 (base 8) to base 12
97599
What is -965ab (base 14) in base 10?
-363339
1122012022102 (base 3) to base 9
1565272
20202122212222 (base 3) to base 8
15556122
10342101 (base 6) to base 8
1133265
Convert -9c3b (base 15) to base 10.
-33131
Convert -869998 (base 10) to base 3.
-1122012102011
Convert 105072 (base 10) to base 9.
170116
Convert 2444340431 (base 5) to base 8.
26254775
Convert -2030321 (base 7) to base 16.
-3b3e7
Convert 20285 (base 15) to base 8.
306701
Convert 3146613 (base 7) to base 5.
44203340
342104210 (base 5) to base 11
948527
Convert 761a0 (base 15) to base 3.
201001101220
Convert 274450 (base 13) to base 9.
1710854
16484 (base 16) to base 14
25392
Convert 173d4 (base 14) to base 3.
2222002220
What is -4345564 (base 8) in base 15?
-180816
Convert 30a35 (base 14) to base 12.
57a33
74303 (base 8) to base 14
b3a3
131227 (base 8) to base 14
12939
-1168a (base 14) to base 16
-a5da
What is 16062 (base 1